6
What is the value of 6 - (-5 - -7) - (-15 - -19)?
0
2 - (34 + -6 + -7) - -14
-5
Calculate 49 + -1 + 20 + -35 + 10 + -9.
34
6 - (-7 + 18) - (1 - 8) - 13
-11
What is -14 + (-24 - -21 - (-18 + 4))?
-3
What is the value of 23 + (2 - (-1 - (-8 + 4 - -3)))?
25
What is the value of 13 + -59 + 4 + 9?
-33
Calculate -3 - (-25 - (-18 + -4)).
0
Evaluate 5 - (-10 + (-3 - -30) + -2 - 3).
-7
What is -23 - (-1 + 25 - 14)?
-33
Evaluate 13 + 3 + -7 + -1 + -7.
1
What is -3 + 11 + 4 - 30?
-18
Calculate (-30 - (-20 + -14)) + (2 - (0 - -3)).
3
0 + (15 - 27) + 12 - 8
-8
What is -34 + 18 + 32 + -31?
-15
Calculate -32 + 99 + -39 + (-9 - 2).
17
-1 - 2 - (5 - 6) - (48 + -48)
-2
Evaluate -10 - (-28 - -12) - 0.
6
Calculate 7 + (5 - 6) - (-7 + 1 + 4).
8
Calculate (-13 - -1) + 123 + -117.
-6
Evaluate (348 - 310) + (2 - 72).
-32
-16 - (8 - (-17 + 44))
3
Calculate -1 + 1 + -4 + 2 + 4 + 2.
4
Evaluate 7 + (9 - 12 - (-3 + 1)) + 4.
10
Evaluate 8 - (-4 + (11 - (-1 + 10 + -8))).
2
What is -5 + -3 - -5 - (0 - 8 - -2)?
3
What is (-10 + 5 - 5 - -5) + (6 - -2)?
3
17 + (6 + 2 - (-80 - -125))
-20
Calculate -5 + (-1 + 7 - (4 + 7 + -4)).
-6
What is -11 + (-4 - -62 - 36)?
11
Calculate -3 + -17 + 27 + -6.
1
What is the value of -1 + 7 + (1 - -11) + -6?
12
What is the value of 8 - (13 + -6 + 3 + 0 - 4)?
2
What is (28 - (5 + -1)) + -1 + -252 + 254?
25
18 + -3 + (2 - 7) + 17
27
What is (-32 - (-39 - -1)) + 1 + 1 - 4?
4
Calculate 0 + 22 + -18 - 19.
-15
Evaluate (-4 - (-6 - -10)) + 12 + 2.
6
-9 - -8 - (-9 + (7 - 3) - -18)
-14
What is the value of (3 - 60) + (40 - 10)?
-27
Calculate (-7 - -2) + -2 + 10 - 2.
1
Evaluate 8 + 2 + -14 + 14 - 3.
7
Evaluate -5 + (16 - (14 - 4)).
1
What is (34 - -8) + -1 - (35 - 22)?
28
What is the value of 13 + (-2 - (-5 - (1 - 3)))?
14
Evaluate (-12 - -16) + (5 - (-4 + 16)) - 9.
-12
Evaluate 4 + 10 + 3 - (-1 + 6).
12
Evaluate 5 + -3 - (-7 + 35 + -2 + 2).
-26
What is the value of -8 + 7 - -5 - (0 - -6)?
-2
What is the value of -25 + 16 + (-8 - -13) + -4?
-8
Evaluate (43 - 47) + 19 + -1 + -1.
13
-3 - -2 - (4 - 22)
17
4 - (-1 - (-3 + (4 - 6)))
0
What is 0 + 1 - ((23 - 10) + -11) - -6?
5
Calculate (8 - (-2 + 19) - 6) + 44.
29
Evaluate (-1 - -12) + (-16 + 5 + 0 - -9).
9
Evaluate -211 + 219 - (1 + -2).
9
What is (-5 - 0) + 6 + (11 - (3 - -4))?
5
What is 21 - (36 + (-4 - 10))?
-1
Calculate -21 - (25 - 8 - 25).
-13
Calculate (7 + -12 + 9 - -3) + -17.
-10
What is 7 + -20 + (1 - 5) - (16 - 18)?
-15
What is the value of (-60 - -51) + (1 - -34)?
26
-26 - (-2 - (-35 - -27))
-32
What is -174 + 205 + -18 + 0?
13
What is -49 + 60 + 3 + -21?
-7
(-39 - (-35 - -12)) + -12
-28
(-23 - -49) + -36 - -14
4
Calculate 11 + 5 + -24 + -19 + (4 - -1).
-22
What is the value of (-21 - -8) + -17 + 12?
-18
What is the value of 2 - 0 - (-32 - (1 - (-12 + 27)))?
20
(2 - 0) + (-3 - (-10 - -9 - 0))
0
What is (-9 - (-11 - -11)) + 5 - 10?
-14
-19 + (-15 - -30) - -11
7
Calculate -4 - (-3 + 8 + 7 + -1).
-15
What is -10 - -8 - (-23 + 13)?
8
What is the value of 7 + (-6 + 3 - (1 - -4 - 5))?
4
Evaluate -4 - ((3 - 6 - -14) + -8).
-7
Evaluate 12 + -1 + (-34 - -60) + -31.
6
What is 18 + -115 + 118 + (-7 - 4)?
10
(7 - (-7 + 16)) + (3 - 4) + 2
-1
(1 - 0 - -19) + (-11 - -3)
12
5 + 10 + 5 + -19
1
What is the value of 2 + -12 + 3 + -1 - (504 + -501)?
-11
Calculate -21 + 18 + (4 - 6) + 3 + 0.
-2
Calculate (-2 + 10 - 12) + (-9 - 11).
-24
Evaluate 0 + (-5 - 1) + (-212 - -215).
-3
Evaluate 63 + -77 + (-1 - -18) + (10 - 1).
12
Calculate -18 + -6 + 38 - 11.
3
Calculate 18 - (8 - (23 + -21 - (-1 + -2))).
15
What is -4 + (-9 - (-25 - -10)) - -2?
4
What is 42 - 34 - (-1 - -19)?
-10
What is 2 + (4 - -5) + (-1 - (18 + -23))?
15
Calculate 2 + -7 + -7 + 11 + (-1 - 13).
-15
What is 0 + -4 - ((-1 - -16) + -12)?
-7
What is the value of -168 - -144 - (-9 + (2 + -4 - -3))?
-16
What is (3 - -7 - ((62 - 17) + 2)) + 9?
-28
Evaluate 9 - -2 - -2 - 4.
9
What is 6 - ((9 - (-2 + 4)) + -9)?
8
What is 137 + -146 - (0 - 5 - -1)?
-5
-36 + (2 - (0 + 9)) + 7 + 10
-26
Calculate -2 + 1 - (1 - 12).
10
Evaluate 9 - ((10 + 31 - 14) + (-1 - -4)).
-21
11 - 1 - (12 - (15 + 5) - -20)
-2
What is -12 - (3 - (2 + -5) - (7 + 5))?
-6
What is -2 + (7 - 5) + (4 - 0) - -4?
8
Calculate (6 - 4) + -15 - -20 - (-1 - 2).
10
What is -4 - (1 + 11 + -9)?
-7
What is 17 - (5 + 7 + -4 + 4 - 6)?
11
Evaluate -41 + 25 + -23 + 25.
-14
What is (-8 - (3 - (5 + 14))) + (11 - 15)?
4
What is (11 - -14) + -10 - (-2 - -3) - -3?
17
What is the value of -68 + 38 + (23 - 8)?
-15
What is 4 + (3 - 3) + (5 - 1 - 2)?
6
Evaluate -1 + -4 + (-4 - (-15 + -1)) + 0.
7
What is (1 - (3 - -19)) + 6 + 13?
-2
Calculate (-5 + 5 - -11 - 2) + (-43 - -36).
2
110 + -114 + (0 - -3) - (6 + 0)
-7
What is 0 + 1 + (-16 - -14 - -2) - 13?
-12
Evaluate -15 - (-20 + (7 - 0)).
-2
Calculate 35 - 21 - (-8 + 11).
11
(52 - 22) + -6 + -7
17
11 + (-26 - (-2 + -9))
-4
(9 - (23 - 10 - -6)) + 5
-5
13 - (-5 + -6 + 3 + 13)
8
Evaluate 10 + -10 + 3 + -2 + -2.
-1
What is (1 + -1 - (8 + 0)) + (35 - 37)?
-10
-1 + 11 + 1 - (-1388 - -1404)
-5
Evaluate -1 + 6 + 260 + -252.
13
Calculate 13 + -19 + -28 + 43.
9
What is -13 - -2 - (-58 - -37)?
10
Calculate (-577 - -604) + -20 + 2.
9
What is the value of 8 + -1 + -4 - (-11 + 8 - -27)?
-21
Calculate -6 + (-6 + (10 - 12) - -19).
5
What is the value of (357 - 372) + -3 + 2 + 10?
-6
-40 - (-48 + 47 - 16)
-23
101 - 136 - (-2 - 1)
-32
What is (0 - -15 - (416 + -406)) + 24?
29
What is the value of -2 + 6 + (-25 - -10) - (1 + -3)?
-9
What is the value of 1 + 17 - ((-14 - 19) + 43)?
8
Calculate (-2 - -1) + 111 + -45 + -88.
-23
What is -3 + (2 - -3) + 3 - 6?
-1
1 + -1 - 3 - ((-30 - -49) + -10)
-12
What is the value of -2 + (-4 - -10 - (34 + 13 - 12))?
-31
What is (-13 - -8) + (-5 - -2) + (1 - 0)?
-7
What is the value of 11 + (-23 - -10) + 8 - (-2 - 1)?
9
Evaluate -28 - (20 + -5 + -55).
12
Calculate -1 - (-18 - (15 + -48)).
-16
What is the value of (-3 - -11) + 58 + -22 + -25?
19
What is (4 - (2 - (4 + 3 + -9))) + 7?
7
What is the value of -4 + ((3 - (3 + 2)) + -3 - 4)?
-13
Evaluate 2 - (-6 - -43 - 17).
-18
Evaluate -14 + 30 + (-11 - 21).
-16
What is 2 - ((27 - -3) + 4) - (0 - -6)?
-38
-6 - (-7 - -1) - (3 - (4 - 0))
1
-3 + -7 - (71 + -98)
17
What is 24 + (-9 - 10) + (4 + 2 - -3)?
14
What is -51 - (-22 - (1 - 0))?
-28
What is -10 + 16 + (1 - 4 - (-15 + -2))?
20
Calculate -22 + 14 + 17 - -3 - -1.
13
Evaluate -27 - (-3 - (-3 - 1)) - -10.
-18
Calculate (-8 + 2 - 2) + 3 + 1 + -2.
-6
Calculate (-119 - -114) + (3 - -22) + -2.
18
Evaluate 0 - -7 - (-34 + 25 + 4).
12
What is (-5 + -6 - 7) + 9?
-9
Calculate 28 + -23 + -2 + 2 + -1 + -9.
-5
What is the value of (-8 - -4) + 2 + (-14 - 1)?
-17
What is the value of -14 + 12 + (6 - 7 - 4) - -5?
-2
Evaluate (15 + (1 - 23) - 3) + 3.
-7
Evaluate 2 + 0 + (9 - -6 - 2).
15
What is -309 + 274 - (-23 + 10 + -5)?
-17
Calculate 5 + (-4 + (12 - 2) + -4 - 5).
2
What is the value of -16 + (71 - 74) + 0 + 13?
-6
Calculate 13 + 8 + -23 - (-1 - 19 - -1).
17
What is the value of (6 - -4) + 7 - 3 - 2?
12
Evaluate 5 - -19 - -3 - 11.
16
Evaluate 923 + -937 - (1 - (1 + 12)).
-2
Evaluate (1 - -58) + (90 - 55 - 53).
41
Evaluate 15 + 1 + -2 - (-4 - (4 - 3)).
19
-9 + (16 + 2 - 21)
-12
What is the value of -18 - (17 + -29 - -6) - 17?
-29
3 - -1 - (5 - (-49 - -28))
-22
7 + -3 + 3 - (38 - 36)
5
What is -4 - 1 - 1 - (20 + (-3 - 5))?
-18
What is -20 - -28 - (8 - 3)?
3
Calculate 73 - 82 - (-26 - 4).
21
Calculate 5 - (12 - (-9 + (6 - -3) + -5)).
-12
-9 - ((2 - -3) + 66 + -70)
-10
What is -2 + (16 + -4 + -4 - (10 + -3))?
-1
Calculate (1 - 2 - -6) + 21 - (-10 + 19).
17
Calculate -6 - -22 - (15 - (-4 - 0)).
-3
What is (6 - ((2 - 14) + 5)) + 6?
19
What is the value of 38 + 19 + -41 - 9?
7
What is (16 - (0 - -9)) + (-34 - -22)?
-5
Evaluate 11 + 2 - (-3 - -7).
9
What is (6 - 1) + (52 - 47) + -24?
-14
Evaluate 208 + -209 - ((-4 - -8) + -4).
-1
What is the value of -50 - (-19 + -21 + -2)?
-8
Calculate -2 + 1 + -7 + -1 - (-248 - -256).
-17
What is 22 + -25 + 19 - 5 - (-1 - 6)?
18
What is 7 - (36 - 26 - (14 + -2))?
9
14 + (13 - 35) - (-6 - 2) - -2
2
Evaluate 9 + (0 - 9) - 6 - 4.
-10
Evaluate -11 + (-7 - (7 - 25) - -11).
11
What is the value of -5 - -40 - (-57 + 102)?
-10
What is the value of 33 - 0 - (-6 - (-2 + -5 + -9))?
23
49 - (-29 - (-56 + -4))
18
Evaluate (1 - 6) + (-384 - -395).
6
Evaluate -9 + 7 + -